{"id":1491,"date":"2025-09-18T09:40:57","date_gmt":"2025-09-18T09:40:57","guid":{"rendered":"https:\/\/upscoreapp.com\/properties\/?page_id=1491"},"modified":"2026-02-09T10:51:50","modified_gmt":"2026-02-09T10:51:50","slug":"almeria-spain","status":"publish","type":"page","link":"https:\/\/upscoreapp.com\/properties\/spain\/location-guide\/almeria-spain\/","title":{"rendered":"Almer\u00eda"},"content":{"rendered":"\n<h4 class=\"wp-block-heading\">Why Buy a Home in Almer\u00eda?<\/h4>\n\n\n\n<p>See why Almer\u00eda is so popular among foreigners:<\/p>\n\n\n\n<p><strong>Year-Round Sunshine: <\/strong>Enjoy more than 3,000 hours of sun throughout the year in Almer\u00eda\u2019s warm and dry climate.<\/p>\n\n\n\n<p><strong>Affordable Housing: <\/strong>The cost of living in Almer\u00eda is among the most economical in Spain, making it an excellent option for foreign investors, digital nomads, and retirees.<\/p>\n\n\n\n<p><strong>Stable Real Estate Market: <\/strong>Not as turbulent as some of the major metropolitan cities, the long-term appreciation of Almer\u00eda&#8217;s property market is stable and reassuring to foreign investors in search of security.<\/p>\n\n\n\n<p><strong>Excellent Connectivity: <\/strong>Almer\u00eda is highly accessible from distant countries through nearby airports in Almer\u00eda, Malaga, and Alicante. Motorways and public transport further connect all parts of Spain.<\/p>\n\n\n\n<p>Options range from the seaside resort of Almer\u00eda to apartments in Moj\u00e1car and Roquetas de Mar &#8211; a top tourist destination ensuring a constant search for rentals.<\/p>\n\n\n\n<figure class=\"wp-block-gallery has-nested-images columns-default is-cropped wp-block-gallery-1 is-layout-flex wp-block-gallery-is-layout-flex\">\n<figure class=\"wp-block-image size-large\"><img fetchpriority=\"high\" decoding=\"async\" width=\"1600\" height=\"896\" data-id=\"1492\" src=\"https:\/\/upscoreapp.com\/properties\/wp-content\/uploads\/2025\/09\/Almeria-Property.jpg\" alt=\"\" class=\"wp-image-1492\"\/><\/figure>\n<\/figure>\n\n\n\n<h4 class=\"wp-block-heading\">Can a Foreigner Buy a House in Almer\u00eda?<\/h4>\n\n\n\n<p>Yes, foreigners and UK citizens can purchase property in Almer\u00eda without restrictions. The Spanish government is very friendly to foreign ownership, and the Golden Visa legislation grants residency in return for buying property over \u20ac500,000.<\/p>\n\n\n\n<p>Just remember to get familiar with local property laws, the way financing is arranged (like when <a href=\"https:\/\/upscoreapp.com\/your-guide-to-making-an-offer-on-a-house-abroad\/\">making an offer<\/a>), and other additional costs, such as property taxes and notary fees. You should also consider opening a Spanish bank account to facilitate the transaction process and discuss mortgage possibilities with a local lender. You can then use <a href=\"https:\/\/upscoreapp.com\/\">Upscore&#8217;s platform<\/a> to compare and secure the best possible mortgage deal suited to your needs.<\/p>\n\n\n\n<p>Here are some questions you may want to know:<\/p>\n\n\n\n<p><strong>What Costs are Involved When Buying a House in Almer\u00eda?<\/strong><\/p>\n\n\n\n<p>You must pay approximately 8-10% property transfer tax, notary and registration and solicitor&#8217;s fees, adding approximately 10-15% on top of the purchase price.<\/p>\n\n\n\n<p><strong>What\u2019s the Average Property Price in Almer\u00eda?<\/strong><\/p>\n\n\n\n<p>Pricing is reasonable, starting with apartments along the coast, costing in the region of \u20ac100,000 upwards, while villas start at over \u20ac300,000. Generally speaking, Almer\u00eda offers very good value in comparison with other regions of Spain.<\/p>\n\n\n\n<p><strong>Can Foreigners Get Financing when Buying a Property in Almer\u00eda?<\/strong><\/p>\n\n\n\n<p>Yes, most Spanish banks grant loans to foreigners. Lenders usually finance 70% of the real estate value to non-residents. Of course, with a bank account from a Spanish bank, everything will be easier.<\/p>\n\n\n\n<figure class=\"wp-block-gallery has-nested-images columns-default is-cropped wp-block-gallery-2 is-layout-flex wp-block-gallery-is-layout-flex\">\n<figure class=\"wp-block-image size-full\"><img decoding=\"async\" width=\"1600\" height=\"896\" data-id=\"1496\" src=\"https:\/\/upscoreapp.com\/properties\/wp-content\/uploads\/2025\/09\/Mojacar.jpg\" alt=\"\" class=\"wp-image-1496\"\/><\/figure>\n<\/figure>\n\n\n\n<h4 class=\"wp-block-heading\">Finding a House in Almer\u00eda<\/h4>\n\n\n\n<p>Almer\u00eda&#8217;s diverse property landscape meets all kinds of tastes, from sea-view apartments to rustic homes in the countryside. The best way to find a house is by researching neighborhoods and working with reputable real estate agents who know the area.<\/p>\n\n\n\n<p>Where\u2019s the best area to buy a house in? That might just be Moj\u00e1car, with its charm and beautiful coastline. Roquetas de Mar, with its lively seaside, and inland villages like V\u00e9lez-Blanco, are also great choices for their tranquillity and rich cultural heritage.<\/p>\n","protected":false},"excerpt":{"rendered":"<p>Why Buy a Home in Almer\u00eda? See why Almer\u00eda is so popular among foreigners: Year-Round Sunshine: Enjoy more than 3,000 hours of sun throughout the year in Almer\u00eda\u2019s warm and dry climate. Affordable Housing: The cost of living in Almer\u00eda is among the most economical in Spain, making it an excellent option for foreign investors, [&hellip;]<\/p>\n","protected":false},"author":5,"featured_media":1492,"parent":17,"menu_order":0,"comment_status":"closed","ping_status":"closed","template":"individual-location.php","meta":{"_acf_changed":false,"footnotes":""},"class_list":["post-1491","page","type-page","status-publish","has-post-thumbnail","hentry"],"acf":[],"yoast_head":"<!-- This site is optimized with the Yoast SEO Premium plugin v26.3 (Yoast SEO v26.3) - https:\/\/yoast.com\/wordpress\/plugins\/seo\/ -->\n<title>Properties to Buy in Almer\u00eda, Spain \u30fc Move to Almer\u00eda - Upscore<\/title>\n<meta name=\"description\" content=\"Your guide to moving to Almer\u00eda. Find properties to buy in Almer\u00eda and learn how to streamline your mortgage for Spain using our unique Finance Passport.\" \/>\n<meta name=\"robots\" content=\"noindex, follow\" \/>\n<meta property=\"og:locale\" content=\"en_US\" \/>\n<meta property=\"og:type\" content=\"article\" \/>\n<meta property=\"og:title\" content=\"Almer\u00eda\" \/>\n<meta property=\"og:description\" content=\"Your guide to moving to Almer\u00eda. Find properties to buy in Almer\u00eda and learn how to streamline your mortgage for Spain using our unique Finance Passport.\" \/>\n<meta property=\"og:url\" content=\"https:\/\/upscoreapp.com\/properties\/spain\/location-guide\/almeria-spain\/\" \/>\n<meta property=\"og:site_name\" content=\"Upscore\" \/>\n<meta property=\"article:modified_time\" content=\"2026-02-09T10:51:50+00:00\" \/>\n<meta property=\"og:image\" content=\"https:\/\/upscoreapp.com\/properties\/wp-content\/uploads\/2025\/09\/Almeria-Property.jpg\" \/>\n\t<meta property=\"og:image:width\" content=\"1600\" \/>\n\t<meta property=\"og:image:height\" content=\"896\" \/>\n\t<meta property=\"og:image:type\" content=\"image\/jpeg\" \/>\n<meta name=\"twitter:card\" content=\"summary_large_image\" \/>\n<meta name=\"twitter:label1\" content=\"Est. reading time\" \/>\n\t<meta name=\"twitter:data1\" content=\"3 minutes\" \/>\n<script type=\"application\/ld+json\" class=\"yoast-schema-graph\">{\"@context\":\"https:\/\/schema.org\",\"@graph\":[{\"@type\":\"WebPage\",\"@id\":\"https:\/\/upscoreapp.com\/properties\/spain\/location-guide\/almeria-spain\/\",\"url\":\"https:\/\/upscoreapp.com\/properties\/spain\/location-guide\/almeria-spain\/\",\"name\":\"Properties to Buy in Almer\u00eda, Spain \u30fc Move to Almer\u00eda - Upscore\",\"isPartOf\":{\"@id\":\"https:\/\/upscoreapp.com\/properties\/#website\"},\"primaryImageOfPage\":{\"@id\":\"https:\/\/upscoreapp.com\/properties\/spain\/location-guide\/almeria-spain\/#primaryimage\"},\"image\":{\"@id\":\"https:\/\/upscoreapp.com\/properties\/spain\/location-guide\/almeria-spain\/#primaryimage\"},\"thumbnailUrl\":\"https:\/\/upscoreapp.com\/properties\/wp-content\/uploads\/2025\/09\/Almeria-Property.jpg\",\"datePublished\":\"2025-09-18T09:40:57+00:00\",\"dateModified\":\"2026-02-09T10:51:50+00:00\",\"description\":\"Your guide to moving to Almer\u00eda. Find properties to buy in Almer\u00eda and learn how to streamline your mortgage for Spain using our unique Finance Passport.\",\"breadcrumb\":{\"@id\":\"https:\/\/upscoreapp.com\/properties\/spain\/location-guide\/almeria-spain\/#breadcrumb\"},\"inLanguage\":\"en-US\",\"potentialAction\":[{\"@type\":\"ReadAction\",\"target\":[\"https:\/\/upscoreapp.com\/properties\/spain\/location-guide\/almeria-spain\/\"]}]},{\"@type\":\"ImageObject\",\"inLanguage\":\"en-US\",\"@id\":\"https:\/\/upscoreapp.com\/properties\/spain\/location-guide\/almeria-spain\/#primaryimage\",\"url\":\"https:\/\/upscoreapp.com\/properties\/wp-content\/uploads\/2025\/09\/Almeria-Property.jpg\",\"contentUrl\":\"https:\/\/upscoreapp.com\/properties\/wp-content\/uploads\/2025\/09\/Almeria-Property.jpg\",\"width\":1600,\"height\":896},{\"@type\":\"BreadcrumbList\",\"@id\":\"https:\/\/upscoreapp.com\/properties\/spain\/location-guide\/almeria-spain\/#breadcrumb\",\"itemListElement\":[{\"@type\":\"ListItem\",\"position\":1,\"name\":\"Home\",\"item\":\"https:\/\/upscoreapp.com\/properties\/\"},{\"@type\":\"ListItem\",\"position\":2,\"name\":\"Spain\",\"item\":\"https:\/\/upscoreapp.com\/properties\/spain\/\"},{\"@type\":\"ListItem\",\"position\":3,\"name\":\"Location Guide\",\"item\":\"https:\/\/upscoreapp.com\/properties\/spain\/location-guide\/\"},{\"@type\":\"ListItem\",\"position\":4,\"name\":\"Almer\u00eda\"}]},{\"@type\":\"WebSite\",\"@id\":\"https:\/\/upscoreapp.com\/properties\/#website\",\"url\":\"https:\/\/upscoreapp.com\/properties\/\",\"name\":\"Upscore\",\"description\":\"\",\"potentialAction\":[{\"@type\":\"SearchAction\",\"target\":{\"@type\":\"EntryPoint\",\"urlTemplate\":\"https:\/\/upscoreapp.com\/properties\/?s={search_term_string}\"},\"query-input\":{\"@type\":\"PropertyValueSpecification\",\"valueRequired\":true,\"valueName\":\"search_term_string\"}}],\"inLanguage\":\"en-US\"},{\"@type\":\"ImageObject\",\"inLanguage\":\"en-US\",\"@id\":\"https:\/\/upscoreapp.com\/properties\/spain\/location-guide\/almeria-spain\/#local-main-organization-logo\",\"url\":\"\",\"contentUrl\":\"\",\"caption\":\"Upscore\"}]}<\/script>\n<!-- \/ Yoast SEO Premium plugin. -->","yoast_head_json":{"title":"Properties to Buy in Almer\u00eda, Spain \u30fc Move to Almer\u00eda - Upscore","description":"Your guide to moving to Almer\u00eda. Find properties to buy in Almer\u00eda and learn how to streamline your mortgage for Spain using our unique Finance Passport.","robots":{"index":"noindex","follow":"follow"},"og_locale":"en_US","og_type":"article","og_title":"Almer\u00eda","og_description":"Your guide to moving to Almer\u00eda. Find properties to buy in Almer\u00eda and learn how to streamline your mortgage for Spain using our unique Finance Passport.","og_url":"https:\/\/upscoreapp.com\/properties\/spain\/location-guide\/almeria-spain\/","og_site_name":"Upscore","article_modified_time":"2026-02-09T10:51:50+00:00","og_image":[{"width":1600,"height":896,"url":"https:\/\/upscoreapp.com\/properties\/wp-content\/uploads\/2025\/09\/Almeria-Property.jpg","type":"image\/jpeg"}],"twitter_card":"summary_large_image","twitter_misc":{"Est. reading time":"3 minutes"},"schema":{"@context":"https:\/\/schema.org","@graph":[{"@type":"WebPage","@id":"https:\/\/upscoreapp.com\/properties\/spain\/location-guide\/almeria-spain\/","url":"https:\/\/upscoreapp.com\/properties\/spain\/location-guide\/almeria-spain\/","name":"Properties to Buy in Almer\u00eda, Spain \u30fc Move to Almer\u00eda - Upscore","isPartOf":{"@id":"https:\/\/upscoreapp.com\/properties\/#website"},"primaryImageOfPage":{"@id":"https:\/\/upscoreapp.com\/properties\/spain\/location-guide\/almeria-spain\/#primaryimage"},"image":{"@id":"https:\/\/upscoreapp.com\/properties\/spain\/location-guide\/almeria-spain\/#primaryimage"},"thumbnailUrl":"https:\/\/upscoreapp.com\/properties\/wp-content\/uploads\/2025\/09\/Almeria-Property.jpg","datePublished":"2025-09-18T09:40:57+00:00","dateModified":"2026-02-09T10:51:50+00:00","description":"Your guide to moving to Almer\u00eda. Find properties to buy in Almer\u00eda and learn how to streamline your mortgage for Spain using our unique Finance Passport.","breadcrumb":{"@id":"https:\/\/upscoreapp.com\/properties\/spain\/location-guide\/almeria-spain\/#breadcrumb"},"inLanguage":"en-US","potentialAction":[{"@type":"ReadAction","target":["https:\/\/upscoreapp.com\/properties\/spain\/location-guide\/almeria-spain\/"]}]},{"@type":"ImageObject","inLanguage":"en-US","@id":"https:\/\/upscoreapp.com\/properties\/spain\/location-guide\/almeria-spain\/#primaryimage","url":"https:\/\/upscoreapp.com\/properties\/wp-content\/uploads\/2025\/09\/Almeria-Property.jpg","contentUrl":"https:\/\/upscoreapp.com\/properties\/wp-content\/uploads\/2025\/09\/Almeria-Property.jpg","width":1600,"height":896},{"@type":"BreadcrumbList","@id":"https:\/\/upscoreapp.com\/properties\/spain\/location-guide\/almeria-spain\/#breadcrumb","itemListElement":[{"@type":"ListItem","position":1,"name":"Home","item":"https:\/\/upscoreapp.com\/properties\/"},{"@type":"ListItem","position":2,"name":"Spain","item":"https:\/\/upscoreapp.com\/properties\/spain\/"},{"@type":"ListItem","position":3,"name":"Location Guide","item":"https:\/\/upscoreapp.com\/properties\/spain\/location-guide\/"},{"@type":"ListItem","position":4,"name":"Almer\u00eda"}]},{"@type":"WebSite","@id":"https:\/\/upscoreapp.com\/properties\/#website","url":"https:\/\/upscoreapp.com\/properties\/","name":"Upscore","description":"","potentialAction":[{"@type":"SearchAction","target":{"@type":"EntryPoint","urlTemplate":"https:\/\/upscoreapp.com\/properties\/?s={search_term_string}"},"query-input":{"@type":"PropertyValueSpecification","valueRequired":true,"valueName":"search_term_string"}}],"inLanguage":"en-US"},{"@type":"ImageObject","inLanguage":"en-US","@id":"https:\/\/upscoreapp.com\/properties\/spain\/location-guide\/almeria-spain\/#local-main-organization-logo","url":"","contentUrl":"","caption":"Upscore"}]}},"_links":{"self":[{"href":"https:\/\/upscoreapp.com\/properties\/wp-json\/wp\/v2\/pages\/1491","targetHints":{"allow":["GET"]}}],"collection":[{"href":"https:\/\/upscoreapp.com\/properties\/wp-json\/wp\/v2\/pages"}],"about":[{"href":"https:\/\/upscoreapp.com\/properties\/wp-json\/wp\/v2\/types\/page"}],"author":[{"embeddable":true,"href":"https:\/\/upscoreapp.com\/properties\/wp-json\/wp\/v2\/users\/5"}],"replies":[{"embeddable":true,"href":"https:\/\/upscoreapp.com\/properties\/wp-json\/wp\/v2\/comments?post=1491"}],"version-history":[{"count":3,"href":"https:\/\/upscoreapp.com\/properties\/wp-json\/wp\/v2\/pages\/1491\/revisions"}],"predecessor-version":[{"id":2126,"href":"https:\/\/upscoreapp.com\/properties\/wp-json\/wp\/v2\/pages\/1491\/revisions\/2126"}],"up":[{"embeddable":true,"href":"https:\/\/upscoreapp.com\/properties\/wp-json\/wp\/v2\/pages\/17"}],"wp:featuredmedia":[{"embeddable":true,"href":"https:\/\/upscoreapp.com\/properties\/wp-json\/wp\/v2\/media\/1492"}],"wp:attachment":[{"href":"https:\/\/upscoreapp.com\/properties\/wp-json\/wp\/v2\/media?parent=1491"}],"curies":[{"name":"wp","href":"https:\/\/api.w.org\/{rel}","templated":true}]}}